{"id":190,"date":"2024-11-19T11:51:21","date_gmt":"2024-11-19T10:51:21","guid":{"rendered":"http:\/\/wordpress.p679363.webspaceconfig.de\/?page_id=190"},"modified":"2025-04-08T10:49:06","modified_gmt":"2025-04-08T08:49:06","slug":"berufliches-umfeld","status":"publish","type":"page","link":"https:\/\/fammediation.de\/index.php\/berufliches-umfeld\/","title":{"rendered":"Berufliches Umfeld"},"content":{"rendered":"\t\t<div data-elementor-type=\"wp-page\" data-elementor-id=\"190\" class=\"elementor elementor-190\" data-elementor-post-type=\"page\">\n\t\t\t\t\t\t<section class=\"elementor-section elementor-top-section elementor-element elementor-element-99c4187 elementor-section-boxed elementor-section-height-default elementor-section-height-default\" data-id=\"99c4187\" data-element_type=\"section\" data-settings=\"{&quot;background_background&quot;:&quot;classic&quot;}\">\n\t\t\t\t\t\t<div class=\"elementor-container elementor-column-gap-default\">\n\t\t\t\t\t<div class=\"elementor-column elementor-col-50 elementor-top-column elementor-element elementor-element-eb4f878\" data-id=\"eb4f878\" data-element_type=\"column\">\n\t\t\t<div class=\"elementor-widget-wrap elementor-element-populated\">\n\t\t\t\t\t\t<div class=\"elementor-element elementor-element-3130cdb elementor-widget elementor-widget-heading\" data-id=\"3130cdb\" data-element_type=\"widget\" data-widget_type=\"heading.default\">\n\t\t\t\t<div class=\"elementor-widget-container\">\n\t\t\t<h2 class=\"elementor-heading-title elementor-size-default\">Konfliktmanagement und Mediation am Arbeitsplatz<\/h2>\t\t<\/div>\n\t\t\t\t<\/div>\n\t\t\t\t\t<\/div>\n\t\t<\/div>\n\t\t\t\t<div class=\"elementor-column elementor-col-50 elementor-top-column elementor-element elementor-element-39238c1\" data-id=\"39238c1\" data-element_type=\"column\">\n\t\t\t<div class=\"elementor-widget-wrap elementor-element-populated\">\n\t\t\t\t\t\t<div class=\"elementor-element elementor-element-280aba4 elementor-widget elementor-widget-text-editor\" data-id=\"280aba4\" data-element_type=\"widget\" data-widget_type=\"text-editor.default\">\n\t\t\t\t<div class=\"elementor-widget-container\">\n\t\t\t\t\t\t\t<p>Mediation am Arbeitsplatz ist ein effektives Mittel, um ein harmonisches und produktives Arbeitsumfeld zu f\u00f6rdern. Konflikte zwischen Kollegen oder Teams k\u00f6nnen das Arbeitsklima belasten und die Leistung beeintr\u00e4chtigen. Durch Mediation werden Spannungen entsch\u00e4rft und L\u00f6sungen erarbeitet, die die Interessen aller ber\u00fccksichtigen. Sie f\u00f6rdert den Dialog, baut Kommunikationsbarrieren ab und bringt nachhaltige Verbesserungen im betrieblichen Miteinander.<\/p>\t\t\t\t\t\t<\/div>\n\t\t\t\t<\/div>\n\t\t\t\t\t<\/div>\n\t\t<\/div>\n\t\t\t\t\t<\/div>\n\t\t<\/section>\n\t\t<div class=\"elementor-element elementor-element-7e89d18 e-con-full e-flex e-con e-parent\" data-id=\"7e89d18\" data-element_type=\"container\" data-settings=\"{&quot;background_background&quot;:&quot;classic&quot;}\">\n\t\t<div class=\"elementor-element elementor-element-6724ff8f e-con-full e-flex e-con e-child\" data-id=\"6724ff8f\" data-element_type=\"container\">\n\t\t\t\t<div class=\"elementor-element elementor-element-17fac0f6 elementor-widget elementor-widget-heading\" data-id=\"17fac0f6\" data-element_type=\"widget\" data-widget_type=\"heading.default\">\n\t\t\t\t<div class=\"elementor-widget-container\">\n\t\t\t<h2 class=\"elementor-heading-title elementor-size-default\">Herausforderungen und Auswirkungen von Konflikten<\/h2>\t\t<\/div>\n\t\t\t\t<\/div>\n\t\t\t\t<div class=\"elementor-element elementor-element-1d4c7c2 elementor-widget elementor-widget-text-editor\" data-id=\"1d4c7c2\" data-element_type=\"widget\" data-widget_type=\"text-editor.default\">\n\t\t\t\t<div class=\"elementor-widget-container\">\n\t\t\t\t\t\t\t<p>Konflikte am Arbeitsplatz k\u00f6nnen das Arbeitsklima erheblich beeintr\u00e4chtigen und die Produktivit\u00e4t deutlich senken. Spannungen zwischen Kollegen, in Teams oder zwischen Mitarbeitern und Vorgesetzten f\u00fchren h\u00e4ufig zu Missverst\u00e4ndnissen und einer angespannten Arbeitsatmosph\u00e4re.<\/p><p>Die Auswirkungen sind weitreichend: Sie k\u00f6nnen die Leistungsf\u00e4higkeit einzelner Mitarbeiter und ganzer Abteilungen mindern. Gleichzeitig wird wertvolle Energie, die in Auseinandersetzungen gebunden ist, blockiert.<\/p><p>Ein gezieltes Konfliktmanagement ist daher unerl\u00e4sslich, um diese Herausforderungen anzugehen. Es bietet Strategien, um Spannungen abzubauen, eine offene Kommunikation zu f\u00f6rdern und das gemeinsame Arbeiten wieder in positive Bahnen zu lenken.<\/p>\t\t\t\t\t\t<\/div>\n\t\t\t\t<\/div>\n\t\t\t\t<\/div>\n\t\t<div class=\"elementor-element elementor-element-3f722b88 e-con-full e-flex e-con e-child\" data-id=\"3f722b88\" data-element_type=\"container\">\n\t\t\t\t<div class=\"elementor-element elementor-element-165ca8a7 elementor-widget elementor-widget-image\" data-id=\"165ca8a7\" data-element_type=\"widget\" data-widget_type=\"image.default\">\n\t\t\t\t<div class=\"elementor-widget-container\">\n\t\t\t\t\t\t\t\t\t\t\t\t\t<img fetchpriority=\"high\" decoding=\"async\" width=\"2560\" height=\"1708\" src=\"https:\/\/fammediation.de\/wp-content\/uploads\/2025\/01\/Sirotek_RunderTisch-scaled.jpg\" class=\"attachment-full size-full wp-image-413\" alt=\"\" srcset=\"https:\/\/fammediation.de\/wp-content\/uploads\/2025\/01\/Sirotek_RunderTisch-scaled.jpg 2560w, https:\/\/fammediation.de\/wp-content\/uploads\/2025\/01\/Sirotek_RunderTisch-300x200.jpg 300w, https:\/\/fammediation.de\/wp-content\/uploads\/2025\/01\/Sirotek_RunderTisch-1024x683.jpg 1024w, https:\/\/fammediation.de\/wp-content\/uploads\/2025\/01\/Sirotek_RunderTisch-768x512.jpg 768w, https:\/\/fammediation.de\/wp-content\/uploads\/2025\/01\/Sirotek_RunderTisch-1536x1025.jpg 1536w, https:\/\/fammediation.de\/wp-content\/uploads\/2025\/01\/Sirotek_RunderTisch-2048x1366.jpg 2048w\" sizes=\"(max-width: 2560px) 100vw, 2560px\" \/>\t\t\t\t\t\t\t\t\t\t\t\t\t<\/div>\n\t\t\t\t<\/div>\n\t\t\t\t<\/div>\n\t\t\t\t<\/div>\n\t\t<div class=\"elementor-element elementor-element-6938dc06 e-con-full e-flex e-con e-parent\" data-id=\"6938dc06\" data-element_type=\"container\" data-settings=\"{&quot;background_background&quot;:&quot;classic&quot;}\">\n\t\t<div class=\"elementor-element elementor-element-9c9f252 e-con-full e-flex e-con e-child\" data-id=\"9c9f252\" data-element_type=\"container\">\n\t\t\t\t<div class=\"elementor-element elementor-element-6c69287c elementor-widget elementor-widget-heading\" data-id=\"6c69287c\" data-element_type=\"widget\" data-widget_type=\"heading.default\">\n\t\t\t\t<div class=\"elementor-widget-container\">\n\t\t\t<h2 class=\"elementor-heading-title elementor-size-default\">Bedeutung von Konfliktmanagement<\/h2>\t\t<\/div>\n\t\t\t\t<\/div>\n\t\t\t\t<div class=\"elementor-element elementor-element-e49d89f elementor-widget elementor-widget-text-editor\" data-id=\"e49d89f\" data-element_type=\"widget\" data-widget_type=\"text-editor.default\">\n\t\t\t\t<div class=\"elementor-widget-container\">\n\t\t\t\t\t\t\t<p>Effektives Konfliktmanagement spielt eine entscheidende Rolle bei der Erhaltung eines konstruktiven Arbeitsumfelds. Durch gezielte Ma\u00dfnahmen zur Spannungsreduktion k\u00f6nnen latente Konflikte offen angesprochen und ressourcenorientierte L\u00f6sungen erarbeitet werden.<\/p><p>Mediation bietet ein strukturiertes Modell, um die Interessen der Beteiligten deutlich zu machen und gemeinsam tragf\u00e4hige Ergebnisse zu erzielen. Sie f\u00f6rdert eine Kultur der offenen Kommunikation und Kooperation, wodurch gebundene Energien freigesetzt werden. Diese Energien, die bisher in Konflikten blockiert waren, stehen den Mitarbeitern wieder zur Verf\u00fcgung, um kreativ und produktiv zu arbeiten, was letztlich dem gesamten Unternehmen zugutekommt.<\/p>\t\t\t\t\t\t<\/div>\n\t\t\t\t<\/div>\n\t\t\t\t<\/div>\n\t\t<div class=\"elementor-element elementor-element-c051af0 e-con-full e-flex e-con e-child\" data-id=\"c051af0\" data-element_type=\"container\">\n\t\t\t\t<div class=\"elementor-element elementor-element-2c1439a8 elementor-widget elementor-widget-image\" data-id=\"2c1439a8\" data-element_type=\"widget\" data-widget_type=\"image.default\">\n\t\t\t\t<div class=\"elementor-widget-container\">\n\t\t\t\t\t\t\t\t\t\t\t\t\t<img decoding=\"async\" width=\"1920\" height=\"1254\" src=\"https:\/\/fammediation.de\/wp-content\/uploads\/2024\/11\/Stock_Team.jpg\" class=\"attachment-full size-full wp-image-315\" alt=\"\" srcset=\"https:\/\/fammediation.de\/wp-content\/uploads\/2024\/11\/Stock_Team.jpg 1920w, https:\/\/fammediation.de\/wp-content\/uploads\/2024\/11\/Stock_Team-300x196.jpg 300w, https:\/\/fammediation.de\/wp-content\/uploads\/2024\/11\/Stock_Team-1024x669.jpg 1024w, https:\/\/fammediation.de\/wp-content\/uploads\/2024\/11\/Stock_Team-768x502.jpg 768w, https:\/\/fammediation.de\/wp-content\/uploads\/2024\/11\/Stock_Team-1536x1003.jpg 1536w\" sizes=\"(max-width: 1920px) 100vw, 1920px\" \/>\t\t\t\t\t\t\t\t\t\t\t\t\t<\/div>\n\t\t\t\t<\/div>\n\t\t\t\t<\/div>\n\t\t\t\t<\/div>\n\t\t<div class=\"elementor-element elementor-element-20614087 e-con-full e-flex e-con e-parent\" data-id=\"20614087\" data-element_type=\"container\" data-settings=\"{&quot;background_background&quot;:&quot;classic&quot;}\">\n\t\t<div class=\"elementor-element elementor-element-71d6d17b e-con-full e-flex e-con e-child\" data-id=\"71d6d17b\" data-element_type=\"container\">\n\t\t\t\t<div class=\"elementor-element elementor-element-2bbc2e82 elementor-widget elementor-widget-heading\" data-id=\"2bbc2e82\" data-element_type=\"widget\" data-widget_type=\"heading.default\">\n\t\t\t\t<div class=\"elementor-widget-container\">\n\t\t\t<h2 class=\"elementor-heading-title elementor-size-default\">Erweiterte Konfliktl\u00f6sungsstrategien<\/h2>\t\t<\/div>\n\t\t\t\t<\/div>\n\t\t\t\t<div class=\"elementor-element elementor-element-55d8f8d4 elementor-widget elementor-widget-text-editor\" data-id=\"55d8f8d4\" data-element_type=\"widget\" data-widget_type=\"text-editor.default\">\n\t\t\t\t<div class=\"elementor-widget-container\">\n\t\t\t\t\t\t\t<p>In einigen F\u00e4llen kann es sinnvoll sein, mediative Moderation in regelm\u00e4\u00dfige Meetings oder Teambesprechungen zu integrieren. Diese Methode erm\u00f6glicht es, Konflikte schon fr\u00fchzeitig zu erkennen und in einem strukturierten Rahmen anzugehen, bevor sie eskalieren.<\/p><p>MediatorInnen \u00fcbernehmen hierbei eine neutrale Rolle und sorgen daf\u00fcr, dass alle Stimmen geh\u00f6rt werden und der Dialog auf respektvolle Weise gef\u00fchrt wird.<\/p><p>Diese Art der Moderation f\u00f6rdert nicht nur die L\u00f6sung bestehender Konflikte, sondern st\u00e4rkt auch die Teamdynamik und das gegenseitige Verst\u00e4ndnis. Auf lange Sicht tr\u00e4gt sie dazu bei, eine Kultur des offenen Dialogs und der konstruktiven Konfliktl\u00f6sung im Unternehmen zu etablieren.<\/p>\t\t\t\t\t\t<\/div>\n\t\t\t\t<\/div>\n\t\t\t\t<\/div>\n\t\t<div class=\"elementor-element elementor-element-5e2361bb e-con-full e-flex e-con e-child\" data-id=\"5e2361bb\" data-element_type=\"container\">\n\t\t\t\t<div class=\"elementor-element elementor-element-6426df4d elementor-widget elementor-widget-image\" data-id=\"6426df4d\" data-element_type=\"widget\" data-widget_type=\"image.default\">\n\t\t\t\t<div class=\"elementor-widget-container\">\n\t\t\t\t\t\t\t\t\t\t\t\t\t<img decoding=\"async\" width=\"800\" height=\"400\" src=\"https:\/\/fammediation.de\/wp-content\/uploads\/2024\/11\/Stock_Sitzung-1024x512.jpg\" class=\"attachment-large size-large wp-image-282\" alt=\"\" srcset=\"https:\/\/fammediation.de\/wp-content\/uploads\/2024\/11\/Stock_Sitzung-1024x512.jpg 1024w, https:\/\/fammediation.de\/wp-content\/uploads\/2024\/11\/Stock_Sitzung-300x150.jpg 300w, https:\/\/fammediation.de\/wp-content\/uploads\/2024\/11\/Stock_Sitzung-768x384.jpg 768w, https:\/\/fammediation.de\/wp-content\/uploads\/2024\/11\/Stock_Sitzung-1536x768.jpg 1536w, https:\/\/fammediation.de\/wp-content\/uploads\/2024\/11\/Stock_Sitzung.jpg 1920w\" sizes=\"(max-width: 800px) 100vw, 800px\" \/>\t\t\t\t\t\t\t\t\t\t\t\t\t<\/div>\n\t\t\t\t<\/div>\n\t\t\t\t<\/div>\n\t\t\t\t<\/div>\n\t\t<div class=\"elementor-element elementor-element-6e0de913 e-con-full e-flex e-con e-parent\" data-id=\"6e0de913\" data-element_type=\"container\" data-settings=\"{&quot;background_background&quot;:&quot;classic&quot;}\">\n\t\t<div class=\"elementor-element elementor-element-72201ade e-con-full e-flex e-con e-child\" data-id=\"72201ade\" data-element_type=\"container\">\n\t\t\t\t<div class=\"elementor-element elementor-element-5a10f78f elementor-widget elementor-widget-heading\" data-id=\"5a10f78f\" data-element_type=\"widget\" data-widget_type=\"heading.default\">\n\t\t\t\t<div class=\"elementor-widget-container\">\n\t\t\t<h2 class=\"elementor-heading-title elementor-size-default\">Anwendungsbereiche<\/h2>\t\t<\/div>\n\t\t\t\t<\/div>\n\t\t\t\t<div class=\"elementor-element elementor-element-407d490d elementor-widget elementor-widget-text-editor\" data-id=\"407d490d\" data-element_type=\"widget\" data-widget_type=\"text-editor.default\">\n\t\t\t\t<div class=\"elementor-widget-container\">\n\t\t\t\t\t\t\t<p>Mediation im beruflichen Umfeld ist ein effektives Instrument, um Konflikte zu l\u00f6sen, die h\u00e4ufig durch strukturelle Probleme oder unzureichende Kommunikation entstehen. Typische Anwendungsbereiche sind:<\/p><ul><li><strong>Konflikte im Team:<\/strong> Spannungen zwischen Mitarbeitenden, unterschiedliche Arbeitsstile oder Missverst\u00e4ndnisse im Team k\u00f6nnen die Zusammenarbeit belasten und die Produktivit\u00e4t mindern.<\/li><li><strong>F\u00fchrung und Mitarbeitende:<\/strong> Unterschiedliche Erwartungen, ein Mangel an Anerkennung oder unklare Kommunikationswege zwischen F\u00fchrungskr\u00e4ften und Mitarbeitenden f\u00fchren oft zu Konflikten.<\/li><li><strong>Abteilungs\u00fcbergreifende Zusammenarbeit:<\/strong> Rei-bungen zwischen verschiedenen Abteilungen entstehen h\u00e4ufig durch unklare Zust\u00e4ndigkeiten oder widerspr\u00fcchliche Zielsetzungen.<\/li><li><strong>Ver\u00e4nderungsprozesse:<\/strong> Umstrukturierungen, neue Arbeitsprozesse oder F\u00fchrungswechsel k\u00f6nnen Unsicherheiten und Widerst\u00e4nde hervorrufen, die durch Mediation adressiert werden k\u00f6nnen.<\/li><li><strong>Diskriminierung und Mobbing:<\/strong> In sensiblen F\u00e4llen wie Mobbing oder Diskriminierung bietet Mediation einen gesch\u00fctzten Rahmen, um L\u00f6sungen zu entwickeln und ein respektvolles Arbeitsumfeld zu f\u00f6rdern.<\/li><\/ul><p>\u00a0<\/p><p>Ich begleite Sie professionell durch diese Phasen hindurch, Blockaden abzubauen, Missverst\u00e4ndnisse zu kl\u00e4ren, L\u00f6sungen zu finden und strukturelle Impulse zu setzen. Ziel ist es, die Zusammenarbeit zu st\u00e4rken und ein positives Arbeitsklima zu schaffen.<\/p>\t\t\t\t\t\t<\/div>\n\t\t\t\t<\/div>\n\t\t\t\t<\/div>\n\t\t<div class=\"elementor-element elementor-element-25df944d e-con-full e-flex e-con e-child\" data-id=\"25df944d\" data-element_type=\"container\">\n\t\t\t\t<div class=\"elementor-element elementor-element-2fbf5e5a elementor-widget elementor-widget-image\" data-id=\"2fbf5e5a\" data-element_type=\"widget\" data-widget_type=\"image.default\">\n\t\t\t\t<div class=\"elementor-widget-container\">\n\t\t\t\t\t\t\t\t\t\t\t\t\t<img loading=\"lazy\" decoding=\"async\" width=\"683\" height=\"1024\" src=\"https:\/\/fammediation.de\/wp-content\/uploads\/2025\/01\/Sirotek_Laptop_frontal-683x1024.jpg\" class=\"attachment-large size-large wp-image-411\" alt=\"\" srcset=\"https:\/\/fammediation.de\/wp-content\/uploads\/2025\/01\/Sirotek_Laptop_frontal-683x1024.jpg 683w, https:\/\/fammediation.de\/wp-content\/uploads\/2025\/01\/Sirotek_Laptop_frontal-200x300.jpg 200w, https:\/\/fammediation.de\/wp-content\/uploads\/2025\/01\/Sirotek_Laptop_frontal-768x1151.jpg 768w, https:\/\/fammediation.de\/wp-content\/uploads\/2025\/01\/Sirotek_Laptop_frontal-1025x1536.jpg 1025w, https:\/\/fammediation.de\/wp-content\/uploads\/2025\/01\/Sirotek_Laptop_frontal-1366x2048.jpg 1366w, https:\/\/fammediation.de\/wp-content\/uploads\/2025\/01\/Sirotek_Laptop_frontal-scaled.jpg 1708w\" sizes=\"(max-width: 683px) 100vw, 683px\" \/>\t\t\t\t\t\t\t\t\t\t\t\t\t<\/div>\n\t\t\t\t<\/div>\n\t\t\t\t<\/div>\n\t\t\t\t<\/div>\n\t\t<div class=\"elementor-element elementor-element-12a24cd0 e-con-full e-flex e-con e-parent\" data-id=\"12a24cd0\" data-element_type=\"container\" data-settings=\"{&quot;background_background&quot;:&quot;classic&quot;}\">\n\t\t<div class=\"elementor-element elementor-element-1f136217 e-con-full e-flex e-con e-child\" data-id=\"1f136217\" data-element_type=\"container\">\n\t\t\t\t<div class=\"elementor-element elementor-element-6578046c elementor-widget elementor-widget-heading\" data-id=\"6578046c\" data-element_type=\"widget\" data-widget_type=\"heading.default\">\n\t\t\t\t<div class=\"elementor-widget-container\">\n\t\t\t<h2 class=\"elementor-heading-title elementor-size-default\">Coaching und Unterst\u00fctzung<\/h2>\t\t<\/div>\n\t\t\t\t<\/div>\n\t\t\t\t<div class=\"elementor-element elementor-element-6e13a00d elementor-widget elementor-widget-text-editor\" data-id=\"6e13a00d\" data-element_type=\"widget\" data-widget_type=\"text-editor.default\">\n\t\t\t\t<div class=\"elementor-widget-container\">\n\t\t\t\t\t\t\t<p>Coaching spielt eine wichtige Rolle bei der nachhaltigen Integration von mediativen Elementen in den Arbeitsalltag. Insbesondere F\u00fchrungskr\u00e4fte profitieren von gezieltem Coaching, das sie bef\u00e4higt, ihre Konfliktl\u00f6sungsf\u00e4higkeiten weiterzuentwickeln. Durch individuelle Unterst\u00fctzung lernen sie, Konflikte fr\u00fchzeitig zu erkennen, angemessen zu reagieren und ein respektvolles Miteinander zu f\u00f6rdern.<\/p><p>Auch Mitarbeiter k\u00f6nnen durch Coaching darin unterst\u00fctzt werden, ihre Kommunikationsf\u00e4higkeiten zu st\u00e4rken und ihre eigenen Konflikte selbstbewusster und konstruktiver zu l\u00f6sen.<\/p><p>Dar\u00fcber hinaus tr\u00e4gt Coaching zur F\u00f6rderung der Arbeitsfreude bei, indem es die Mitarbeiter unterst\u00fctzt, ihre St\u00e4rken zu erkennen und ihre Rolle im Team klarer zu definieren. Dies steigert nicht nur die individuelle Zufriedenheit, sondern st\u00e4rkt auch die Identifikation mit dem Unternehmen und die Motivation, gemeinsam an den Unternehmenszielen zu arbeiten.<\/p>\t\t\t\t\t\t<\/div>\n\t\t\t\t<\/div>\n\t\t\t\t<\/div>\n\t\t<div class=\"elementor-element elementor-element-295250a e-con-full e-flex e-con e-child\" data-id=\"295250a\" data-element_type=\"container\">\n\t\t\t\t<div class=\"elementor-element elementor-element-2ad8dba4 elementor-widget elementor-widget-image\" data-id=\"2ad8dba4\" data-element_type=\"widget\" data-widget_type=\"image.default\">\n\t\t\t\t<div class=\"elementor-widget-container\">\n\t\t\t\t\t\t\t\t\t\t\t\t\t<img loading=\"lazy\" decoding=\"async\" width=\"800\" height=\"534\" src=\"https:\/\/fammediation.de\/wp-content\/uploads\/2024\/11\/Stock_Mentoring-1024x683.jpg\" class=\"attachment-large size-large wp-image-314\" alt=\"\" srcset=\"https:\/\/fammediation.de\/wp-content\/uploads\/2024\/11\/Stock_Mentoring-1024x683.jpg 1024w, https:\/\/fammediation.de\/wp-content\/uploads\/2024\/11\/Stock_Mentoring-300x200.jpg 300w, https:\/\/fammediation.de\/wp-content\/uploads\/2024\/11\/Stock_Mentoring-768x512.jpg 768w, https:\/\/fammediation.de\/wp-content\/uploads\/2024\/11\/Stock_Mentoring-1536x1024.jpg 1536w, https:\/\/fammediation.de\/wp-content\/uploads\/2024\/11\/Stock_Mentoring.jpg 1920w\" sizes=\"(max-width: 800px) 100vw, 800px\" \/>\t\t\t\t\t\t\t\t\t\t\t\t\t<\/div>\n\t\t\t\t<\/div>\n\t\t\t\t<\/div>\n\t\t\t\t<\/div>\n\t\t\t\t<\/div>\n\t\t","protected":false},"excerpt":{"rendered":"<p>Konfliktmanagement und Mediation am Arbeitsplatz Mediation am Arbeitsplatz ist ein effektives Mittel, um ein harmonisches und produktives Arbeitsumfeld zu f\u00f6rdern. Konflikte zwischen Kollegen oder Teams k\u00f6nnen das Arbeitsklima belasten und die Leistung beeintr\u00e4chtigen. Durch Mediation werden Spannungen entsch\u00e4rft und L\u00f6sungen erarbeitet, die die Interessen aller ber\u00fccksichtigen. Sie f\u00f6rdert den Dialog, baut Kommunikationsbarrieren ab und bringt [&hellip;]<\/p>\n","protected":false},"author":4,"featured_media":0,"parent":0,"menu_order":0,"comment_status":"closed","ping_status":"closed","template":"","meta":{"footnotes":""},"class_list":["post-190","page","type-page","status-publish","hentry"],"_links":{"self":[{"href":"https:\/\/fammediation.de\/index.php\/wp-json\/wp\/v2\/pages\/190","targetHints":{"allow":["GET"]}}],"collection":[{"href":"https:\/\/fammediation.de\/index.php\/wp-json\/wp\/v2\/pages"}],"about":[{"href":"https:\/\/fammediation.de\/index.php\/wp-json\/wp\/v2\/types\/page"}],"author":[{"embeddable":true,"href":"https:\/\/fammediation.de\/index.php\/wp-json\/wp\/v2\/users\/4"}],"replies":[{"embeddable":true,"href":"https:\/\/fammediation.de\/index.php\/wp-json\/wp\/v2\/comments?post=190"}],"version-history":[{"count":36,"href":"https:\/\/fammediation.de\/index.php\/wp-json\/wp\/v2\/pages\/190\/revisions"}],"predecessor-version":[{"id":529,"href":"https:\/\/fammediation.de\/index.php\/wp-json\/wp\/v2\/pages\/190\/revisions\/529"}],"wp:attachment":[{"href":"https:\/\/fammediation.de\/index.php\/wp-json\/wp\/v2\/media?parent=190"}],"curies":[{"name":"wp","href":"https:\/\/api.w.org\/{rel}","templated":true}]}}